40)). Let v = -31 - s. List the prime factors of v.
2, 47
Let v = -54 + 131. Suppose d + 12 = v. List the prime factors of d.
5, 13
Suppose -c + 255 = -3*l, -1190 = -7*c + 2*c - 2*l. What are the prime factors of c?
2, 3, 5
Let f be (-2 + 1)*-7 - 1. Suppose g + f = -0. Let r = -2 - g. List the prime factors of r.
2
Suppose 12 = -0*o + o. Let i = -7 + o. Suppose -8*l + i*l = -102. What are the prime factors of l?
2, 17
Suppose 30*u = 26*u + 4. What are the prime factors of (u - 142)*(-2)/3?
2, 47
Let q(l) = -l**3 - 25*l**2 + 42*l - 7. What are the prime factors of q(-27)?
317
Suppose 3*h - 5 = 1. Suppose -f + l - 45 = -0*f, -h*f = -4*l + 94. Let w = f + 74. List the prime factors of w.
31
Suppose 0 = 12*y - 6*y - 6666. What are the prime factors of y?
11, 101
Let k be (-3 - -13)*(-1)/2. Let g(a) = -a**3 + 6*a**2 + 12*a - 2. Let j be g(k). Suppose v = 5*r - 282, 0 = -4*r + 6*v - v + j. What are the prime factors of r?
3, 19
Let r(h) = -2*h + h**3 + 46 + h**3 - h**3 - 61 + 10*h**2. Let p be r(-10). Suppose z - p*t = 40, 0*z + 3*t = -z + 40. What are the prime factors of z?
2, 5
Let f(q) = -31*q - 102. List the prime factors of f(-28).
2, 383
Suppose 4*v - 288 = 5*k - 2155, -2*k = v - 752. List the prime factors of k.
3, 5
Suppose -3*c = 5*w - 38, c - 28 = -3*c - w. What are the prime factors of 2/(-8) - c/((-144)/2262)?
2, 47
Let q(t) = 6*t + 7*t + 2*t**2 - 3*t. List the prime factors of q(5).
2, 5
Let w(b) = -b**3 - 20*b**2 - b - 21. Let o be w(-20). Let r(s) = -19*s**3 + s**2 + s + 1. What are the prime factors of r(o)?
2, 5
Let k(c) = 36*c**3 - c**2 + 3*c - 3. What are the prime factors of k(2)?
7, 41
Suppose -4*r - 1 = -13, -2*r + 10152 = 3*p. What are the prime factors of p?
2, 19, 89
Let t be (-92 + 13)/((-2)/10). Suppose 0*u - t = -5*u. What are the prime factors of u?
79
Suppose -5*l = 2*f - 7*f - 95, 4*f + 90 = 5*l. Let j = 52 - l. List the prime factors of j.
2, 19
Let b = 9 + -4. Suppose -195 = -0*g - b*g. List the prime factors of g.
3, 13
Let b = 32 + -28. Suppose 2*v + b + 14 = 0. What are the prime factors of (-6)/v + (-266)/(-6)?
3, 5
Let z = 113 - 57. Suppose 0 = -0*q + 4*q - z. List the prime factors of q.
2, 7
Suppose -444 = -27*p + 26*p. List the prime factors of p.
2, 3, 37
Let s(p) = p + 1. Let k be s(-3). Let h be (-25)/(-15)*(-6)/k. Suppose -h*j - 20 = 0, 2*g + 0*g - 106 = 3*j. List the prime factors of g.
47
Suppose -3*h + 2 = -7. Suppose 263 + h = 2*f. Suppose -5*t + f - 18 = 0. List the prime factors of t.
23
Let j = -5045 - -7293. List the prime factors of j.
2, 281
Let b be (-207)/(-45) + -5 - 1457/(-5). Suppose 879 = 3*z - 3*s + 8*s, -s + b = z. List the prime factors of z.
2, 3
Let s(l) = l**3 + 21*l**2 - 17*l - 46. What are the prime factors of s(-20)?
2, 347
Let b be 2 + 7 - (0 + 1). Let a be (-4)/(-6) + b/6. List the prime factors of a/8 - 95/(-4).
2, 3
Let w = -512 - -972. What are the prime factors of w?
2, 5, 23
Suppose 0 = -3*u - 3*v, 5*v + 7 = -2*u - 8. Let r be ((-6)/(-8))/(2/96). Suppose 2*g - 3*q - 12 = g, 3*q = u*g - r. List the prime factors of g.
2, 3
Let p(y) = 12*y + 3. Let r be 3/(-5*(-12)/40). What are the prime factors of p(r)?
3
Let r(q) = -2*q - 9. Let w be r(-6). Suppose 2*p = 2, -w*z - p + 7 + 0 = 0. Suppose -4*o - 2*n + 40 = -0*o, 4*n - 8 = -z*o. List the prime factors of o.
2, 3
Let k be (-6)/(-6) + -6 + 3. Let t(z) = -z + z - z + 1 + 0*z + 6*z**2. List the prime factors of t(k).
3
Suppose -5*y = 4*c - 2057, 3*y + 80 = 4*c + 1327. What are the prime factors of y?
7, 59
Suppose 2*j - 45 + 41 = 0. Let i(v) = -v - 7. Let z be i(5). Let p = j - z. What are the prime factors of p?
2, 7
Suppose 3*z - 2*u - 6106 = 2489, -4*u = -4*z + 11464. What are the prime factors of z?
7, 409
Suppose 3*s = -2*y + 8, -2*y + 6 = s + 2. Let u(z) = -13*z - 9 + 0 - 3 + s*z**2 - z**2. What are the prime factors of u(15)?
2, 3
Let k(i) = 87*i - 150. What are the prime factors of k(11)?
3, 269
Suppose 3*q = 2364 + 1383. List the prime factors of q.
1249
Let f = 40 - 36. Suppose 88 = f*q - 48. List the prime factors of q.
2, 17
Let o(f) = f**3 + f**2 + 2*f + 47. Let m = 3 - 1. Suppose m*z = -3*z. List the prime factors of o(z).
47
Let c(o) = 3*o**2 - 3*o - 2. Let y be c(4). Let b = 4 + 4. Let d = y + b. List the prime factors of d.
2, 3, 7
Let m(j) = j**3 - 12*j**2 + 7*j - 20. What are the prime factors of m(12)?
2
Suppose 4*g - 50 = -g. Let r(s) = s**2 - 12*s + 23. What are the prime factors of r(g)?
3
Let j = 18 + -14. Suppose -16 = -j*v + 2*v. Suppose -4*p + 12 = -v. List the prime factors of p.
5
Let f(r) be the third derivative of r**5/60 + 3*r**4/8 + r**3/3 + 3*r**2. Let a be f(-9). Suppose -a*u + 3*u - 24 = 0. List the prime factors of u.
2, 3
Let y = -673 - -1085. List the prime factors of y.
2, 103
What are the prime factors of (-57013)/(-22) + 13 + (-1)/2?
2, 3, 7, 31
Let p(q) = -218*q + 113. List the prime factors of p(-6).
7, 29
Let t be (3/2 - 1)*60. Let q = t + -19. Let g(i) = 3*i + 26. List the prime factors of g(q).
59
Let w be (-2)/9 - (-380)/90. Suppose 2*k = -w*u + 92, -4*u + 2*u = -2*k - 40. List the prime factors of u.
2, 11
Let c be (-15)/(-2)*(2 + (-136)/12). Let l = -35 - c. List the prime factors of l.
5, 7
Let l = 54 - 52. What are the prime factors of l/(-2 + (-280)/(-138))?
3, 23
Let n(r) = r**2 - 10*r + 15. Let m be n(9). Suppose -m*y + 489 = -45. List the prime factors of y.
89
Let p = 600 - 305. Let w = -184 + p. What are the prime factors of w?
3, 37
List the prime factors of (12 + -8 - 2)*733.
2, 733
Suppose 0 = 5*q - v - 18875, -3*q + 3343 + 7994 = -3*v. What are the prime factors of q?
2, 3, 17, 37
Let c = -16 + 148. Suppose 12*n + c = 16*n. List the prime factors of n.
3, 11
List the prime factors of (-42)/(-4)*21/((-273)/(-208)).
2, 3, 7
Suppose -3*h - 2*n = -3*n - 247, -4*n = 3*h - 257. What are the prime factors of h?
83
Suppose -2*r + 1038 = y + 249, y + 1563 = 4*r. List the prime factors of r/42 - 10/(-6).
11
Let l be (5/2 - 3)*70. Let m be (4/7)/((-10)/l). Suppose -c = 4*z - 57, -c + 2*z = -35 + m. What are the prime factors of c?
41
Suppose 4*z + 0*j - 3404 = 2*j, 4*z - j = 3406. What are the prime factors of z?
2, 3, 71
Let j(z) = -z**3 + 9*z**2 + 2*z - 14. Let l be j(9). Suppose -3*n + 2*i = -743, -l*n - i + 996 = -5*i. List the prime factors of n.
5, 7
Let m = -3502 - -7179. What are the prime factors of m?
3677
Suppose 0 = 5*a + 2*c - 3511, 449 = a + 5*c - 267. What are the prime factors of a?
701
Let k = -77 + 77. Suppose k = 5*b - 548 - 447. What are the prime factors of b?
199
Let a = -110 + 328. List the prime factors of a.
2, 109
List the prime factors of 28/(-8) + 3 - 2141/(-2).
2, 5, 107
Let n(q) = q**2 - 3*q - 6. Let y be n(-3). Let z(d) = 3*d - 18. List the prime factors of z(y).
2, 3
Let b = 219 + 166. Suppose 8*q + 5*o - b = 5*q, 10 = 2*o. List the prime factors of q.
2, 3, 5
Suppose 11 = -b - 0. Let p = b + 15. Suppose p*c = -3*k + 68, -3*k + 73 = c - 2*c. What are the prime factors of k?
2, 3
What are the prime factors of (-2)/((-7)/((-1925)/(-1)))?
2, 5, 11
Let f(l) = -2*l - 3. Let t be f(-3). Let h(b) be the first derivative of 9*b**2/2 - b - 2. What are the prime factors of h(t)?
2, 13
What are the prime factors of (72/(-20))/((12/410)/(-6))?
2, 3, 41
Suppose 17 = p - 2*p + 5*o, -9 = p - 3*o. Suppose p*i = -4*q + 482, -i = 2*i - 4*q - 442. List the prime factors of i.
2, 7, 11
Suppose 6*u - 389 + 119 = 0. Let a = 76 - u. List the prime factors of a.
31
Let f be 18/(-4)*(-44)/6. Suppose 11*x = -214 + 137. Let t = f - x. List the prime factors of t.
2, 5
Suppose 0*y - y - 4 = 0. Let a = 16 + y. Suppose -a*j + 115 = -7*j. What are the prime factors of j?
23
Suppose 184*c - 180*c - 2380 = 0. List the prime factors of c.
5, 7, 17
Suppose -16*g + 2000 = -11*g. What are the prime factors of g?
2, 5
Let q = 333 - 17. List the prime factors of 40/(-16)*q/(-5).
2, 79
Let j(g) = -4*g**3 - 14*g**2 + 17*g + 24. Let w(u) = u**3 - u**2 - 1. Suppose 2*c - 9 = -c. Let i(l) = c*w(l) + j(l). List the prime factors of i(-18).
3, 13
Let f be -15*(-2 + (-63)/(-35)). Suppose -2*c = c - 45. Suppose -v + 15 = -z - c, 0 = -f*v + 5*z + 90. What are the prime factors of v?
2, 3, 5
Suppose 5*o - 24 = 66. Let n = o - 3. What are the prime factors of n?
3, 5
Let o(v) = 190*v + 1. Wha